y i(11)?
4
Suppose -2*s + 78 = -2*o, 4*o = s + 2*o - 43. Calculate the remainder when 89 is divided by (-9)/21 + 820/s.
20
Let z be 50/15*((-14)/(-4) - 2). Suppose -740 = -z*k - 5*k. What is the remainder when k is divided by 11?
8
Let n = 342 - 321. Calculate the remainder when n is divided by 5.
1
Suppose 2*h + 5*p - 720 + 52 = 0, 0 = -4*p. What is the remainder when h is divided by 67?
66
Suppose -10 = -7*i + 2*i. Suppose -i*o = -38 + 8. Calculate the remainder when 72 is divided by o.
12
Suppose -28*o + 204 = -11*o. Suppose -30 = -6*u + u. What is the remainder when o is divided by u?
0
Let n(s) = 5*s**2 + 4*s - 19. What is the remainder when n(-6) is divided by 40?
17
Let p(c) be the second derivative of c**4/4 + c**3/2 + 3*c**2 - 24*c - 1. What is the remainder when 34 is divided by p(-2)?
10
Suppose 3*t = 2*v - 14, 4*v + 3*t - 24 = 8*t. Suppose 2*g + 2 = -2*n, -5*g + v + 3 = 2*n. Calculate the remainder when 31 is divided by g.
1
Let d(k) = -k**3 + 13*k**2 + 26*k - 141. What is the remainder when 185 is divided by d(14)?
23
Suppose 18*a - 17*a - 18 = 0. Let r = -57 - -65. What is the remainder when a is divided by r?
2
Let z(m) = -m**2 + 15*m - 24. Let q be z(13). Suppose -3*g - 3 = 0, 5*g + 23 = q*c + 4*g. Calculate the remainder when c is divided by 6.
5
Let u = 13 - 7. Let w = 190 + -184. Calculate the remainder when u/15 - 133/(-5) is divided by w.
3
Let a(b) = b - 1. Let g(p) = 14*p - 16. Let y(h) = -6*a(h) + g(h). What is the remainder when 26 is divided by y(3)?
12
Suppose -37*m - 158 = -38*m. Calculate the remainder when m is divided by 54.
50
Suppose 3*o = 2*j - 52, -2*j - 3*o = -11 - 5. Let d be ((-7)/(-3) + -1)*3. Suppose -2 - 262 = -d*h. Calculate the remainder when h is divided by j.
15
Let b(q) = 2*q**2 - q - 19. Let n(d) = 2*d + 5. Let c be n(0). What is the remainder when 128 is divided by b(c)?
24
Let a = -224 - -227. Let m = 10 - 3. What is the remainder when m is divided by a?
1
Suppose -3*b + 3*g = -276, -3*b - g = -0*b - 256. Calculate the remainder when 253 is divided by b.
79
Suppose -7 - 31 = -2*m. Suppose 14*j = m*j - 470. What is the remainder when j is divided by 16?
14
Let t = -1093 + 1190. Calculate the remainder when t is divided by 10.
7
Suppose 3*c = -0*i + 2*i - 88, -2*i = 3*c - 88. What is the remainder when i is divided by 16?
12
What is the remainder when -3 + 3352/20 - (-21)/(-35) is divided by 42?
38
Suppose 3*t = -5*i + 3*i + 10, 4*t + 10 = 2*i. Suppose t = c - 4*c + 6. Calculate the remainder when 14 is divided by c.
0
Let d be (-6)/4*(-20)/(-15). Suppose -5*o + 270 = -0*o - 5*v, 0 = o + 2*v - 45. What is the remainder when o is divided by -3 - ((d - 22) + 3)?
15
Let c(b) = 17*b + 3. Suppose -5*u + 3*u + 2 = 0. Calculate the remainder when 39 is divided by c(u).
19
Let b(h) = -h**3 - 13*h**2 - 128. What is the remainder when b(-15) is divided by 41?
35
Calculate the remainder when 65 is divided by 531/15 + 2/(-5).
30
Let j(i) = -2*i + 6. What is the remainder when 45 is divided by j(-5)?
13
Suppose -t - 41 = -43. Suppose -l - 5 = 3*m, -t*l + 5 = 5*m - 2*m. What is the remainder when -1 + 1*-5*-4 is divided by l?
9
Let o = -7 + 28. What is the remainder when (-166)/(-2) - (0 + 1) is divided by o?
19
Suppose 4*z - n - 11 - 13 = 0, z = 4*n + 21. Suppose 0 = z*c - 3 - 72. What is the remainder when 25 is divided by c?
10
Let u(m) = m + 13. Let k be u(-17). What is the remainder when (110 - 2) + (-4)/8*k is divided by 37?
36
Suppose 0 = -2*i + 4*s - 4, -5*i + 4 = -3*s. Suppose -2*o + 3*o = 2*a + 7, -i*o = -2. What is the remainder when (1/a)/((-5)/1185) is divided by 27?
25
Let w = 64 + -44. Suppose 0 = -32*x + 27*x + 75. Calculate the remainder when 346/6 - w/30 is divided by x.
12
Suppose -55 = -18*a + 845. Let c(h) = h**3 + h**2 + h. Let t be (-2)/2*1 + 3. What is the remainder when a is divided by c(t)?
8
Let k(b) = -14*b - 4. Let y(j) = -14*j - 5. Let o(m) = 7*k(m) - 6*y(m). Calculate the remainder when o(-2) is divided by ((-2)/3)/(5/(-60)).
6
Let r be (-8)/14 - (-30)/(-70). Calculate the remainder when 37/(-2*(-1)/(-2)*r) is divided by 10.
7
What is the remainder when 42/21*(3 + 0 - -252) is divided by 86?
80
Suppose -32 = a + g + 100, -4*g + 4 = 0. Calculate the remainder when ((-104)/10)/((2/(-10))/1) is divided by a/(-14) + (-3)/(-2).
8
Let p = 1800 + -1773. What is the remainder when 68 is divided by p?
14
Let w(k) = 13*k**2 - 2*k - 2. Let d(l) = -l**3 - 27*l**2 - 25*l + 36. What is the remainder when w(2) is divided by d(-26)?
6
Let f = 33 + -23. What is the remainder when (-6)/4 + 1065/f is divided by 27?
24
Let r be (-3)/(9/(-3))*36. Suppose 2*b + 63 = 5*p, 3*p - 6*b - r = -3*b. What is the remainder when p is divided by 1/((-14)/(-196)*2)?
6
Suppose -98*c = -104*c + 3096. What is the remainder when c is divided by 74?
72
Let w(u) = -u**3 - u. Let z(b) = 4*b**3 - 9*b**2 + 19*b + 1. Let y(h) = -3*w(h) - z(h). What is the remainder when 26 is divided by y(6)?
4
Let s = 33 - -2. Calculate the remainder when s is divided by 392/21 - (-6)/(-9)*1.
17
Suppose -5*h - 30 = 2*f, f = -5*h + 3*h - 13. Suppose 75 + 45 = 4*q. What is the remainder when 5/(f/(-2)) - -116 is divided by q?
28
Let h(y) = 31*y + 7. What is the remainder when h(4) is divided by 2 + (-67)/(-4) + (-3)/(-12)?
17
Suppose 5*k + k = 0. Suppose k*u = -3*u + 24. What is the remainder when (-3)/(-6)*u - -35 is divided by 20?
19
Let j(d) = 5*d + 50. Let a(z) = z**2 + 2. Let w be a(0). Calculate the remainder when 42/w*24/28 is divided by j(-8).
8
Suppose 4*u - 17 = d - 86, -5*d - 3*u + 276 = 0. Suppose -684 = -143*x + 86*x. What is the remainder when d is divided by x?
9
Let p = -1254 - -1566. What is the remainder when p is divided by 29?
22
Let v(s) = 8*s - 4. Let k be v(10). Let n = k + -64. Calculate the remainder when 189 is divided by n.
9
Suppose -12*u = -7*u + 40. What is the remainder when 6*u/12 + 17 is divided by 5?
3
Let k(w) = 30*w**2 + w. Calculate the remainder when k(-1) is divided by (7 + 2)*2 + (-10 - -7).
14
Suppose 4*u - 2187 = 253. What is the remainder when u is divided by 17?
15
Suppose 0 = 5*x - 2*z + 5*z - 160, 0 = 2*x - 4*z - 90. Suppose 3*p - x = 25. Calculate the remainder when p is divided by (-3 + -1 - -26)/2.
9
Suppose 45 = 5*m - r, m - 30 = -r - 3*r. Suppose m = 5*h + c, -c - 6 = -3*h - 2*c. Suppose 5*q - 51 = h*q. Calculate the remainder when q is divided by 6.
5
Suppose 0 = -2*x - 2*l - 0*l + 38, 19 = x - 3*l. Suppose 9*j = 10*j - x. What is the remainder when 75 is divided by j?
18
Suppose 26*t - 42*t + 12352 = 0. What is the remainder when t is divided by 21?
16
Let u = 334 - 227. Let i = u - 25. What is the remainder when i is divided by 30?
22
Let j be 95/(-15) + (-2)/(-6). What is the remainder when 46 is divided by (j + 7)*4*5/2?
6
Let b(d) be the third derivative of d**5/30 - d**4/6 - 3*d**3/2 - 6*d**2. What is the remainder when (-2)/(-8) - (-331)/4 is divided by b(5)?
20
Let x(o) = o**3 - 9*o**2 + 7*o - 2. Let n(p) = -p**2 - p. Let z(h) = -2*n(h) + x(h). Let g = 10 - 4. What is the remainder when z(g) is divided by 9?
7
Let v = 76 - 65. Calculate the remainder when 87 is divided by v.
10
Suppose -4*q = 4 - 180. Suppose -q + 10 = -x. What is the remainder when x is divided by 9?
7
Let w be (-6)/(-3)*-1*(3 - 1). Let a(k) = 0*k + 0 + 4*k + k**2 + 2. Calculate the remainder when 7 is divided by a(w).
1
Let x = -769 - -1120. What is the remainder when x is divided by 19?
9
Suppose -35*k - 5*q = -38*k + 2224, -2*k + q + 1485 = 0. Calculate the remainder when k is divided by 24.
23
Let p(w) = w**2 + 10*w - 527. Calculate the remainder when 2493 is divided by p(19).
21
Let k(w) = w**2 - 5*w + 3. Let a be k(-4). Let i = 84 - a. What is the remainder when i is divided by 8?
5
Let k(o) = 183 + 185 - 7*o + 190 - 564. Suppose -8*l + 4*l = 4*h + 12, 4*l = 0. What is the remainder when k(h) is divided by 9?
6
Suppose -62*y + 61*y = -2. Suppose 3*d - 117 = -y*n, 2*n + 174 = 5*n + 5*d. Let p = -43 + 76. Calculate the remainder when n is divided by p.
30
Suppose 0 = 4*f + a - 221, -102 = 5*f + 5*a - 367. Calculate the remainder when f is divided by ((-9)/18)/((-25)/1450).
27
Suppose 0 = -10*v + 127 - 27. What is the remainder when 21 is divided by (-6)/30*-23 - (-4)/v?
1
Let a(o) = 9*o - 143. Calculate th